{"id":30,"date":"2016-06-14T21:09:40","date_gmt":"2016-06-14T20:09:40","guid":{"rendered":"http:\/\/ubiqsystem.fr\/new\/?page_id=30"},"modified":"2019-09-23T16:42:42","modified_gmt":"2019-09-23T15:42:42","slug":"nos-atouts","status":"publish","type":"page","link":"http:\/\/ubiqsystem.fr\/accueil\/nos-atouts\/","title":{"rendered":"Nos atouts"},"content":{"rendered":"\t\t<div data-elementor-type=\"wp-post\" data-elementor-id=\"30\" class=\"elementor elementor-30\" data-elementor-settings=\"[]\">\n\t\t\t<div class=\"elementor-inner\">\n\t\t\t\t<div class=\"elementor-section-wrap\">\n\t\t\t\t\t\t\t<section class=\"elementor-element elementor-element-9d3538f elementor-section-full_width elementor-section-content-middle elementor-section-height-default elementor-section-height-default elementor-columns-alignment-fix-enabled elementor-section elementor-top-section\" data-id=\"9d3538f\" data-element_type=\"section\" data-settings=\"{&quot;background_background&quot;:&quot;classic&quot;}\">\n\t\t\t\t\t\t\t<div class=\"elementor-background-overlay\"><\/div>\n\t\t\t\t\t\t\t<div class=\"elementor-container elementor-column-gap-default\">\n\t\t\t\t<div class=\"elementor-row\">\n\t\t\t\t<div class=\"elementor-element elementor-element-ba1b3c6 elementor-column elementor-col-100 elementor-top-column\" data-id=\"ba1b3c6\" data-element_type=\"column\">\n\t\t\t<div class=\"elementor-column-wrap  elementor-element-populated\">\n\t\t\t\t\t<div class=\"elementor-widget-wrap\">\n\t\t\t\t<div class=\"elementor-element elementor-element-8ef71f5 elementor-widget elementor-widget-image\" data-id=\"8ef71f5\" data-element_type=\"widget\" data-widget_type=\"image.default\">\n\t\t\t\t<div class=\"elementor-widget-container\">\n\t\t\t\t\t<div class=\"elementor-image\">\n\t\t\t\t\t\t\t\t\t\t<img width=\"418\" height=\"413\" src=\"http:\/\/ubiqsystem.fr\/wp-content\/uploads\/2019\/08\/ubiqqqq.png\" class=\"attachment-full size-full\" alt=\"\" loading=\"lazy\" srcset=\"http:\/\/ubiqsystem.fr\/wp-content\/uploads\/2019\/08\/ubiqqqq.png 418w, http:\/\/ubiqsystem.fr\/wp-content\/uploads\/2019\/08\/ubiqqqq-300x296.png 300w\" sizes=\"(max-width: 418px) 100vw, 418px\" \/>\t\t\t\t\t\t\t\t\t\t\t<\/div>\n\t\t\t\t<\/div>\n\t\t\t\t<\/div>\n\t\t\t\t<div class=\"elementor-element elementor-element-da9ec3d elementor-widget elementor-widget-heading\" data-id=\"da9ec3d\" data-element_type=\"widget\" data-widget_type=\"heading.default\">\n\t\t\t\t<div class=\"elementor-widget-container\">\n\t\t\t<h3 class=\"elementor-heading-title elementor-size-medium\">Depuis 2005,nous avons s\u00fbrement de s\u00e9rieuses r\u00e9f\u00e9rences client dans votre secteur.<\/h3>\t\t<\/div>\n\t\t\t\t<\/div>\n\t\t\t\t\t\t<\/div>\n\t\t\t<\/div>\n\t\t<\/div>\n\t\t\t\t\t\t<\/div>\n\t\t\t<\/div>\n\t\t<\/section>\n\t\t\t\t<section class=\"elementor-element elementor-element-b51d752 elementor-section-boxed elementor-section-height-default elementor-section-height-default elementor-columns-alignment-fix-enabled elementor-section elementor-top-section\" data-id=\"b51d752\" data-element_type=\"section\" data-settings=\"{&quot;background_background&quot;:&quot;classic&quot;}\">\n\t\t\t\t\t\t<div class=\"elementor-container elementor-column-gap-default\">\n\t\t\t\t<div class=\"elementor-row\">\n\t\t\t\t<div class=\"elementor-element elementor-element-1d85ec9f elementor-column elementor-col-100 elementor-top-column\" data-id=\"1d85ec9f\" data-element_type=\"column\">\n\t\t\t<div class=\"elementor-column-wrap  elementor-element-populated\">\n\t\t\t\t\t<div class=\"elementor-widget-wrap\">\n\t\t\t\t<div class=\"elementor-element elementor-element-61a805f elementor-widget elementor-widget-image-carousel\" data-id=\"61a805f\" data-element_type=\"widget\" data-settings=\"{&quot;slides_to_show&quot;:&quot;6&quot;,&quot;slides_to_scroll&quot;:&quot;3&quot;,&quot;navigation&quot;:&quot;none&quot;,&quot;image_spacing_custom&quot;:{&quot;unit&quot;:&quot;px&quot;,&quot;size&quot;:78,&quot;sizes&quot;:[]},&quot;autoplay_speed&quot;:2500,&quot;pause_on_hover&quot;:&quot;yes&quot;,&quot;autoplay&quot;:&quot;yes&quot;,&quot;infinite&quot;:&quot;yes&quot;,&quot;speed&quot;:500,&quot;direction&quot;:&quot;ltr&quot;}\" data-widget_type=\"image-carousel.default\">\n\t\t\t\t<div class=\"elementor-widget-container\">\n\t\t\t\t\t<div class=\"elementor-image-carousel-wrapper swiper-container\" dir=\"ltr\">\n\t\t\t<div class=\"elementor-image-carousel swiper-wrapper\">\n\t\t\t\t<div class=\"swiper-slide\"><figure class=\"swiper-slide-inner\"><img class=\"swiper-slide-image\" src=\"http:\/\/ubiqsystem.fr\/wp-content\/uploads\/2019\/09\/ferco.png\" alt=\"ferco\" \/><\/figure><\/div><div class=\"swiper-slide\"><figure class=\"swiper-slide-inner\"><img class=\"swiper-slide-image\" src=\"http:\/\/ubiqsystem.fr\/wp-content\/uploads\/2019\/09\/vinci.png\" alt=\"vinci\" \/><\/figure><\/div><div class=\"swiper-slide\"><figure class=\"swiper-slide-inner\"><img class=\"swiper-slide-image\" src=\"http:\/\/ubiqsystem.fr\/wp-content\/uploads\/2019\/09\/auchanok.png\" alt=\"auchanok\" \/><\/figure><\/div><div class=\"swiper-slide\"><figure class=\"swiper-slide-inner\"><img class=\"swiper-slide-image\" src=\"http:\/\/ubiqsystem.fr\/wp-content\/uploads\/2019\/09\/coraa.png\" alt=\"coraa\" \/><\/figure><\/div><div class=\"swiper-slide\"><figure class=\"swiper-slide-inner\"><img class=\"swiper-slide-image\" src=\"http:\/\/ubiqsystem.fr\/wp-content\/uploads\/2019\/09\/kiabi.png\" alt=\"kiabi\" \/><\/figure><\/div><div class=\"swiper-slide\"><figure class=\"swiper-slide-inner\"><img class=\"swiper-slide-image\" src=\"http:\/\/ubiqsystem.fr\/wp-content\/uploads\/2019\/09\/superuuuu.png\" alt=\"superuuuu\" \/><\/figure><\/div><div class=\"swiper-slide\"><figure class=\"swiper-slide-inner\"><img class=\"swiper-slide-image\" src=\"http:\/\/ubiqsystem.fr\/wp-content\/uploads\/2019\/08\/itm.png\" alt=\"itm\" \/><\/figure><\/div><div class=\"swiper-slide\"><figure class=\"swiper-slide-inner\"><img class=\"swiper-slide-image\" src=\"http:\/\/ubiqsystem.fr\/wp-content\/uploads\/2019\/08\/5a0c72729642de34b6b65ce7.png\" alt=\"5a0c72729642de34b6b65ce7\" \/><\/figure><\/div><div class=\"swiper-slide\"><figure class=\"swiper-slide-inner\"><img class=\"swiper-slide-image\" src=\"http:\/\/ubiqsystem.fr\/wp-content\/uploads\/2019\/08\/Logo_Legrand.svg_.png\" alt=\"Logo_Legrand.svg\" \/><\/figure><\/div><div class=\"swiper-slide\"><figure class=\"swiper-slide-inner\"><img class=\"swiper-slide-image\" src=\"http:\/\/ubiqsystem.fr\/wp-content\/uploads\/2019\/08\/BRICOMARCHE.png\" alt=\"BRICOMARCHE\" \/><\/figure><\/div><div class=\"swiper-slide\"><figure class=\"swiper-slide-inner\"><img class=\"swiper-slide-image\" src=\"http:\/\/ubiqsystem.fr\/wp-content\/uploads\/2019\/08\/leclerc.png\" alt=\"leclerc\" \/><\/figure><\/div>\t\t\t<\/div>\n\t\t\t\t\t\t\t\t\t\t\t\t\t\t\t\t<\/div>\n\t\t\t\t<\/div>\n\t\t\t\t<\/div>\n\t\t\t\t<div class=\"elementor-element elementor-element-b5ef8b3 elementor-invisible elementor-widget elementor-widget-shortcode\" data-id=\"b5ef8b3\" data-element_type=\"widget\" data-settings=\"{&quot;_animation&quot;:&quot;fadeIn&quot;}\" data-widget_type=\"shortcode.default\">\n\t\t\t\t<div class=\"elementor-widget-container\">\n\t\t\t\t\t<div class=\"elementor-shortcode\">- UTILISATION DES LOGOS \u00c0 TITRE INDICATIF ET NON COMMERCIAL -\n<\/div>\n\t\t\t\t<\/div>\n\t\t\t\t<\/div>\n\t\t\t\t\t\t<\/div>\n\t\t\t<\/div>\n\t\t<\/div>\n\t\t\t\t\t\t<\/div>\n\t\t\t<\/div>\n\t\t<\/section>\n\t\t\t\t<section class=\"elementor-element elementor-element-5814f51f elementor-section-height-min-height elementor-section-content-middle elementor-section-boxed elementor-section-height-default elementor-section-items-middle elementor-columns-alignment-fix-enabled elementor-section elementor-top-section\" data-id=\"5814f51f\" data-element_type=\"section\" data-settings=\"{&quot;background_background&quot;:&quot;classic&quot;}\">\n\t\t\t\t\t\t<div class=\"elementor-container elementor-column-gap-default\">\n\t\t\t\t<div class=\"elementor-row\">\n\t\t\t\t<div class=\"elementor-element elementor-element-6da7e01a elementor-column elementor-col-50 elementor-top-column\" data-id=\"6da7e01a\" data-element_type=\"column\">\n\t\t\t<div class=\"elementor-column-wrap  elementor-element-populated\">\n\t\t\t\t\t<div class=\"elementor-widget-wrap\">\n\t\t\t\t<div class=\"elementor-element elementor-element-68fcec36 elementor-widget elementor-widget-divider\" data-id=\"68fcec36\" data-element_type=\"widget\" data-widget_type=\"divider.default\">\n\t\t\t\t<div class=\"elementor-widget-container\">\n\t\t\t\t\t<div class=\"elementor-divider\">\n\t\t\t<span class=\"elementor-divider-separator\">\n\t\t\t\t\t\t<\/span>\n\t\t<\/div>\n\t\t\t\t<\/div>\n\t\t\t\t<\/div>\n\t\t\t\t<div class=\"elementor-element elementor-element-29500e57 elementor-widget elementor-widget-heading\" data-id=\"29500e57\" data-element_type=\"widget\" data-widget_type=\"heading.default\">\n\t\t\t\t<div class=\"elementor-widget-container\">\n\t\t\t<h3 class=\"elementor-heading-title elementor-size-large\">nos atouts<\/h3>\t\t<\/div>\n\t\t\t\t<\/div>\n\t\t\t\t<div class=\"elementor-element elementor-element-5cb6c5b2 elementor-widget elementor-widget-text-editor\" data-id=\"5cb6c5b2\" data-element_type=\"widget\" data-widget_type=\"text-editor.default\">\n\t\t\t\t<div class=\"elementor-widget-container\">\n\t\t\t\t\t<div class=\"elementor-text-editor elementor-clearfix\"><p><span style=\"text-decoration: underline;\">Depuis 2004, l&#8217;entreprise \u00e0 d\u00e9velopper sa notori\u00e9t\u00e9 sur le march\u00e9 de la s\u00e9curit\u00e9 professionnel :<\/span><\/p><p>+ 15 ans d\u2019existence : solide &amp; fiable.<\/p><p>Partenaire des meilleurs marques.<\/p><p>Offre sur mesure gr\u00e2ce \u00e0 nos experts.<\/p><p><span style=\"text-decoration: underline;\">Toutes nos installations sont r\u00e9alise par nos techniciens sp\u00e9cialis\u00e9s<\/span> :<\/p><p>Contrat de service apr\u00e8s-vente.<\/p><p>Contrat direct avec votre technicien. (si contrat SAV)<\/p><p><span style=\"text-decoration: underline;\">Des commerciaux \u00e0 votre \u00e9coute :<\/span><\/p><p>Vente, leasing, location courte dur\u00e9e<\/p><p>Reprise du mat\u00e9riel existant.<\/p><\/div>\n\t\t\t\t<\/div>\n\t\t\t\t<\/div>\n\t\t\t\t\t\t<\/div>\n\t\t\t<\/div>\n\t\t<\/div>\n\t\t\t\t<div class=\"elementor-element elementor-element-3f9e3028 elementor-column elementor-col-50 elementor-top-column\" data-id=\"3f9e3028\" data-element_type=\"column\">\n\t\t\t<div class=\"elementor-column-wrap  elementor-element-populated\">\n\t\t\t\t\t<div class=\"elementor-widget-wrap\">\n\t\t\t\t<div class=\"elementor-element elementor-element-7fcaec81 elementor-widget elementor-widget-image\" data-id=\"7fcaec81\" data-element_type=\"widget\" data-widget_type=\"image.default\">\n\t\t\t\t<div class=\"elementor-widget-container\">\n\t\t\t\t\t<div class=\"elementor-image\">\n\t\t\t\t\t\t\t\t\t\t<img width=\"512\" height=\"512\" src=\"http:\/\/ubiqsystem.fr\/wp-content\/uploads\/2019\/08\/1470399594_Web_Design.png\" class=\"attachment-full size-full\" alt=\"\" loading=\"lazy\" srcset=\"http:\/\/ubiqsystem.fr\/wp-content\/uploads\/2019\/08\/1470399594_Web_Design.png 512w, http:\/\/ubiqsystem.fr\/wp-content\/uploads\/2019\/08\/1470399594_Web_Design-150x150.png 150w, http:\/\/ubiqsystem.fr\/wp-content\/uploads\/2019\/08\/1470399594_Web_Design-300x300.png 300w\" sizes=\"(max-width: 512px) 100vw, 512px\" \/>\t\t\t\t\t\t\t\t\t\t\t<\/div>\n\t\t\t\t<\/div>\n\t\t\t\t<\/div>\n\t\t\t\t\t\t<\/div>\n\t\t\t<\/div>\n\t\t<\/div>\n\t\t\t\t\t\t<\/div>\n\t\t\t<\/div>\n\t\t<\/section>\n\t\t\t\t<section class=\"elementor-element elementor-element-7fa06108 elementor-section-height-min-height elementor-section-content-middle elementor-reverse-mobile elementor-section-boxed elementor-section-height-default elementor-section-items-middle elementor-columns-alignment-fix-enabled elementor-section elementor-top-section\" data-id=\"7fa06108\" data-element_type=\"section\" data-settings=\"{&quot;background_background&quot;:&quot;none&quot;}\">\n\t\t\t\t\t\t<div class=\"elementor-container elementor-column-gap-default\">\n\t\t\t\t<div class=\"elementor-row\">\n\t\t\t\t<div class=\"elementor-element elementor-element-763e91eb elementor-column elementor-col-50 elementor-top-column\" data-id=\"763e91eb\" data-element_type=\"column\">\n\t\t\t<div class=\"elementor-column-wrap  elementor-element-populated\">\n\t\t\t\t\t<div class=\"elementor-widget-wrap\">\n\t\t\t\t<div class=\"elementor-element elementor-element-3567f454 elementor-widget elementor-widget-image\" data-id=\"3567f454\" data-element_type=\"widget\" data-widget_type=\"image.default\">\n\t\t\t\t<div class=\"elementor-widget-container\">\n\t\t\t\t\t<div class=\"elementor-image\">\n\t\t\t\t\t\t\t\t\t\t<img width=\"512\" height=\"512\" src=\"http:\/\/ubiqsystem.fr\/wp-content\/uploads\/2019\/08\/1470399607_Illustration.png\" class=\"attachment-full size-full\" alt=\"\" loading=\"lazy\" srcset=\"http:\/\/ubiqsystem.fr\/wp-content\/uploads\/2019\/08\/1470399607_Illustration.png 512w, http:\/\/ubiqsystem.fr\/wp-content\/uploads\/2019\/08\/1470399607_Illustration-150x150.png 150w, http:\/\/ubiqsystem.fr\/wp-content\/uploads\/2019\/08\/1470399607_Illustration-300x300.png 300w\" sizes=\"(max-width: 512px) 100vw, 512px\" \/>\t\t\t\t\t\t\t\t\t\t\t<\/div>\n\t\t\t\t<\/div>\n\t\t\t\t<\/div>\n\t\t\t\t\t\t<\/div>\n\t\t\t<\/div>\n\t\t<\/div>\n\t\t\t\t<div class=\"elementor-element elementor-element-25183757 elementor-column elementor-col-50 elementor-top-column\" data-id=\"25183757\" data-element_type=\"column\">\n\t\t\t<div class=\"elementor-column-wrap  elementor-element-populated\">\n\t\t\t\t\t<div class=\"elementor-widget-wrap\">\n\t\t\t\t<div class=\"elementor-element elementor-element-429fdd8d elementor-widget elementor-widget-divider\" data-id=\"429fdd8d\" data-element_type=\"widget\" data-widget_type=\"divider.default\">\n\t\t\t\t<div class=\"elementor-widget-container\">\n\t\t\t\t\t<div class=\"elementor-divider\">\n\t\t\t<span class=\"elementor-divider-separator\">\n\t\t\t\t\t\t<\/span>\n\t\t<\/div>\n\t\t\t\t<\/div>\n\t\t\t\t<\/div>\n\t\t\t\t<div class=\"elementor-element elementor-element-6e88e34f elementor-widget elementor-widget-heading\" data-id=\"6e88e34f\" data-element_type=\"widget\" data-widget_type=\"heading.default\">\n\t\t\t\t<div class=\"elementor-widget-container\">\n\t\t\t<h3 class=\"elementor-heading-title elementor-size-large\">Une exp\u00e9rience client<\/h3>\t\t<\/div>\n\t\t\t\t<\/div>\n\t\t\t\t<div class=\"elementor-element elementor-element-1bc50f10 elementor-widget elementor-widget-text-editor\" data-id=\"1bc50f10\" data-element_type=\"widget\" data-widget_type=\"text-editor.default\">\n\t\t\t\t<div class=\"elementor-widget-container\">\n\t\t\t\t\t<div class=\"elementor-text-editor elementor-clearfix\"><p>Plus de 96 % des clients d&#8217;UBIQSYSTEM ressigneraient si c&#8217;\u00e9tait \u00e0 refaire (\u00e9tude de satisfaction de 2019)<\/p><p>Depuis 2004 nous sommes vraiment a votre \u00e9coute.<\/p><\/div>\n\t\t\t\t<\/div>\n\t\t\t\t<\/div>\n\t\t\t\t\t\t<\/div>\n\t\t\t<\/div>\n\t\t<\/div>\n\t\t\t\t\t\t<\/div>\n\t\t\t<\/div>\n\t\t<\/section>\n\t\t\t\t<section class=\"elementor-element elementor-element-26c2511d elementor-section-height-min-height elementor-section-content-middle elementor-section-boxed elementor-section-height-default elementor-section-items-middle elementor-columns-alignment-fix-enabled elementor-section elementor-top-section\" data-id=\"26c2511d\" data-element_type=\"section\" data-settings=\"{&quot;background_background&quot;:&quot;classic&quot;}\">\n\t\t\t\t\t\t<div class=\"elementor-container elementor-column-gap-default\">\n\t\t\t\t<div class=\"elementor-row\">\n\t\t\t\t<div class=\"elementor-element elementor-element-1732a1fd elementor-column elementor-col-50 elementor-top-column\" data-id=\"1732a1fd\" data-element_type=\"column\">\n\t\t\t<div class=\"elementor-column-wrap  elementor-element-populated\">\n\t\t\t\t\t<div class=\"elementor-widget-wrap\">\n\t\t\t\t<div class=\"elementor-element elementor-element-672565ae elementor-widget elementor-widget-divider\" data-id=\"672565ae\" data-element_type=\"widget\" data-widget_type=\"divider.default\">\n\t\t\t\t<div class=\"elementor-widget-container\">\n\t\t\t\t\t<div class=\"elementor-divider\">\n\t\t\t<span class=\"elementor-divider-separator\">\n\t\t\t\t\t\t<\/span>\n\t\t<\/div>\n\t\t\t\t<\/div>\n\t\t\t\t<\/div>\n\t\t\t\t<div class=\"elementor-element elementor-element-67e9b253 elementor-widget elementor-widget-heading\" data-id=\"67e9b253\" data-element_type=\"widget\" data-widget_type=\"heading.default\">\n\t\t\t\t<div class=\"elementor-widget-container\">\n\t\t\t<h3 class=\"elementor-heading-title elementor-size-large\">l\u2019ubiquit\u00e9 A PORT\u00c9E DE MAIN<\/h3>\t\t<\/div>\n\t\t\t\t<\/div>\n\t\t\t\t<div class=\"elementor-element elementor-element-7a79f6db elementor-widget elementor-widget-text-editor\" data-id=\"7a79f6db\" data-element_type=\"widget\" data-widget_type=\"text-editor.default\">\n\t\t\t\t<div class=\"elementor-widget-container\">\n\t\t\t\t\t<div class=\"elementor-text-editor elementor-clearfix\"><p>Soyez partout \u00e0 la fois gr\u00e2ce \u00e0 nos syst\u00e8mes de s\u00e9curit\u00e9 connect\u00e9s.<\/p><p>Que vous soyez en formation, en s\u00e9minaire ou encore en d\u00e9placement, gardez le contr\u00f4le sur votre business. Gr\u00e2ce \u00e0 des outils modernes, il existe une version mobile pour la plupart de nos logiciels.<\/p><p>Votre entreprise doit b\u00e9n\u00e9ficier d&#8217;une connexion Wi-fi.<\/p><\/div>\n\t\t\t\t<\/div>\n\t\t\t\t<\/div>\n\t\t\t\t\t\t<\/div>\n\t\t\t<\/div>\n\t\t<\/div>\n\t\t\t\t<div class=\"elementor-element elementor-element-752bd406 elementor-column elementor-col-50 elementor-top-column\" data-id=\"752bd406\" data-element_type=\"column\">\n\t\t\t<div class=\"elementor-column-wrap  elementor-element-populated\">\n\t\t\t\t\t<div class=\"elementor-widget-wrap\">\n\t\t\t\t<div class=\"elementor-element elementor-element-4bc1e9ad elementor-widget elementor-widget-image\" data-id=\"4bc1e9ad\" data-element_type=\"widget\" data-widget_type=\"image.default\">\n\t\t\t\t<div class=\"elementor-widget-container\">\n\t\t\t\t\t<div class=\"elementor-image\">\n\t\t\t\t\t\t\t\t\t\t<img width=\"466\" height=\"512\" src=\"http:\/\/ubiqsystem.fr\/wp-content\/uploads\/2019\/08\/logo-ubiquit\u00e9-1-e1565257739440.png\" class=\"attachment-full size-full\" alt=\"\" loading=\"lazy\" \/>\t\t\t\t\t\t\t\t\t\t\t<\/div>\n\t\t\t\t<\/div>\n\t\t\t\t<\/div>\n\t\t\t\t\t\t<\/div>\n\t\t\t<\/div>\n\t\t<\/div>\n\t\t\t\t\t\t<\/div>\n\t\t\t<\/div>\n\t\t<\/section>\n\t\t\t\t<section class=\"elementor-element elementor-element-80396e0 elementor-section-boxed elementor-section-height-default elementor-section-height-default elementor-columns-alignment-fix-enabled elementor-section elementor-top-section\" data-id=\"80396e0\" data-element_type=\"section\">\n\t\t\t\t\t\t<div class=\"elementor-container elementor-column-gap-default\">\n\t\t\t\t<div class=\"elementor-row\">\n\t\t\t\t<div class=\"elementor-element elementor-element-c945e96 elementor-column elementor-col-100 elementor-top-column\" data-id=\"c945e96\" data-element_type=\"column\">\n\t\t\t<div class=\"elementor-column-wrap\">\n\t\t\t\t\t<div class=\"elementor-widget-wrap\">\n\t\t\t\t\t\t<\/div>\n\t\t\t<\/div>\n\t\t<\/div>\n\t\t\t\t\t\t<\/div>\n\t\t\t<\/div>\n\t\t<\/section>\n\t\t\t\t\t\t<\/div>\n\t\t\t<\/div>\n\t\t<\/div>\n\t\t","protected":false},"excerpt":{"rendered":"<p>Depuis 2005,nous avons s\u00fbrement de s\u00e9rieuses r\u00e9f\u00e9rences client dans votre secteur. - UTILISATION DES LOGOS \u00c0 TITRE INDICATIF ET NON COMMERCIAL - nos atouts Depuis 2004, l'entreprise \u00e0 d\u00e9velopper sa notori\u00e9t\u00e9 sur le march\u00e9 de la s\u00e9curit\u00e9 professionnel : + 15 ans d\u2019existence : solide &amp; fiable. Partenaire des meilleurs marques. Offre sur mesure gr\u00e2ce \u00e0 nos experts. Toutes nos installations sont r\u00e9alise par nos techniciens sp\u00e9cialis\u00e9s : Contrat de service apr\u00e8s-vente. Contrat direct avec votre technicien. (si contrat SAV) Des commerciaux \u00e0 votre \u00e9coute\u2026<\/p>\n","protected":false},"author":1,"featured_media":0,"parent":0,"menu_order":0,"comment_status":"closed","ping_status":"closed","template":"","meta":[],"_links":{"self":[{"href":"http:\/\/ubiqsystem.fr\/accueil\/wp-json\/wp\/v2\/pages\/30"}],"collection":[{"href":"http:\/\/ubiqsystem.fr\/accueil\/wp-json\/wp\/v2\/pages"}],"about":[{"href":"http:\/\/ubiqsystem.fr\/accueil\/wp-json\/wp\/v2\/types\/page"}],"author":[{"embeddable":true,"href":"http:\/\/ubiqsystem.fr\/accueil\/wp-json\/wp\/v2\/users\/1"}],"replies":[{"embeddable":true,"href":"http:\/\/ubiqsystem.fr\/accueil\/wp-json\/wp\/v2\/comments?post=30"}],"version-history":[{"count":23,"href":"http:\/\/ubiqsystem.fr\/accueil\/wp-json\/wp\/v2\/pages\/30\/revisions"}],"predecessor-version":[{"id":3099,"href":"http:\/\/ubiqsystem.fr\/accueil\/wp-json\/wp\/v2\/pages\/30\/revisions\/3099"}],"wp:attachment":[{"href":"http:\/\/ubiqsystem.fr\/accueil\/wp-json\/wp\/v2\/media?parent=30"}],"curies":[{"name":"wp","href":"https:\/\/api.w.org\/{rel}","templated":true}]}}